ctors of r(0).
59
Suppose 216 = -6*g + 1686. List the prime factors of g.
5, 7
Let z(q) = q**2 + 3*q + 2. List the prime factors of z(-6).
2, 5
Let i = 1 - 1. Suppose -4*u + 88 = -3*v, i*v + 59 = 3*u - 4*v. List the prime factors of u.
5
Suppose -34 - 5 = -d. Suppose -m - 29 = 4*a, 2*a + a + d = 5*m. Let r(l) = l**3 + 7*l**2 - 9*l + 6. List the prime factors of r(a).
2, 7
Let m(w) = -w**3 - 3*w**2 - 4*w + 2. List the prime factors of m(-3).
2, 7
What are the prime factors of (33/9)/(7/21)?
11
What are the prime factors of 1/(9/2) + 7640/45?
2, 5, 17
Let r(j) = j**3 - j**2 + 3*j - 2. Let s be r(2). Suppose b - m = 8, m - 6*m = 3*b - s. List the prime factors of b.
2, 3
Let p = 39 + -24. Suppose 0*d = 2*f - d - 30, 0 = -f + 2*d + p. List the prime factors of f.
3, 5
What are the prime factors of (8/3)/2*(-1215)/(-30)?
2, 3
Let m(d) be the second derivative of 3*d + 0 + 3/2*d**2 + 1/6*d**3. What are the prime factors of m(0)?
3
Let z = 4 - -16. Let g = z - 10. What are the prime factors of g?
2, 5
Let t(v) = v**2 - 9*v - 6. What are the prime factors of t(11)?
2
Suppose -4*m + 2*y + 30 = -0*y, 0 = m - y - 10. List the prime factors of m.
5
Let q = -6 + 3. Let z be q + 2 + (-2)/1. Let u = z - -7. What are the prime factors of u?
2
Let h(y) = 77*y**2 - 3*y + 3. List the prime factors of h(-2).
317
What are the prime factors of 2 + (-1 - -3) + 31?
5, 7
Let f = 55 + -39. What are the prime factors of f?
2
Suppose 3*n - 11 = -w + 2*n, 23 = 3*w + 5*n. Let a = -5 - -8. Suppose -4*k = -a*k + 3*t - w, -5*t = -2*k + 10. List the prime factors of k.
2, 5
Let k(m) = -m**2 - 8*m - 5. Suppose 0 = 3*y + 3*w + 6, y - w - 10 = -5*w. What are the prime factors of k(y)?
7
Suppose -11*d + 13*d - 58 = 0. List the prime factors of d.
29
Suppose 16*w = 17*w - 32. What are the prime factors of w?
2
Suppose 4*j = 2*s - 6, 0*j = 5*s - j - 15. Suppose -4*u - s*k + 31 = -3*u, 2*u = 5*k + 29. List the prime factors of u.
2, 11
Let i = 14 - 6. Let o = i - -12. List the prime factors of o.
2, 5
Let z(r) = -r. Let w(q) = -48*q + 1. Let i(u) = w(u) - 3*z(u). What are the prime factors of i(-1)?
2, 23
What are the prime factors of (0 + 4)/(1/4)?
2
Suppose 13 = 5*n - 12. Suppose 0 = n*c - 3*c - 20. Let f = -4 + c. List the prime factors of f.
2, 3
Let z(f) = f**2 - 6*f + 11. What are the prime factors of z(13)?
2, 3, 17
Let t(o) be the first derivative of 1 + 11/2*o**2 + 0*o. What are the prime factors of t(1)?
11
Let x = -33 - -64. What are the prime factors of x?
31
Let z = -33 + 115. What are the prime factors of z?
2, 41
Suppose -z + 48 = 3*z. Suppose -z = 2*s - 5*s. List the prime factors of s.
2
Suppose -2*b = -7*b + 20. Suppose c - 28 = 3*m, b*c + 2*m = 6*m + 144. List the prime factors of c.
2, 5
List the prime factors of (-2)/(1/4 - 4043/15756).
3, 101
Suppose 194 = 3*b - 382. Suppose -4*h + 16 = -b. List the prime factors of h.
2, 13
What are the prime factors of 34/(5*(-2)/(-25))?
5, 17
Suppose 69 = -k - 3*k - h, -2*h + 32 = -2*k. Let u = k + 26. List the prime factors of u.
3
Let q(u) be the third derivative of -u**5/60 - u**4/2 + 2*u**3/3 + 6*u**2. What are the prime factors of q(-10)?
2, 3
Suppose 4*s - 3*s = -39. Let g = -11 - s. List the prime factors of g.
2, 7
Let j = 26 - -30. List the prime factors of j.
2, 7
Let p = -1 - -3. Let c = -9 + p. Let g = c + 12. What are the prime factors of g?
5
Let c = -53 + 75. What are the prime factors of c?
2, 11
What are the prime factors of 1/(1/(-51)*-3)?
17
Suppose v - 4 = 0, 0*v + 16 = 2*c + v. What are the prime factors of c?
2, 3
Let f(o) = 9*o + 7. What are the prime factors of f(6)?
61
Let s = -4 - -4. Suppose s*q - 3*q = 48. Let u = q + 23. List the prime factors of u.
7
Suppose 3*b - 280 = -2*b. What are the prime factors of b?
2, 7
Let y(d) = -d**3 - 6*d**2 - 6*d - 2. Let n be y(-5). Let k(u) = 2*u + 3. List the prime factors of k(n).
3
Let i(w) = -2*w**3 + 11*w**2 + 13*w - 12. Let f(z) = z**3 - 6*z**2 - 6*z + 6. Let o(x) = -9*f(x) - 4*i(x). List the prime factors of o(10).
2, 7
Let l(d) = -d + 10. Let r be l(5). Suppose r*j = -0*z - 5*z + 230, 4*z + 2*j = 174. List the prime factors of z.
41
Let n(l) = 271*l + 3. What are the prime factors of n(1)?
2, 137
Let x be 2/7 - 16/7. Let y be (-3)/6*6 + x. Let u = y - -12. What are the prime factors of u?
7
Suppose -3*y + 27 = -0*x + x, -3*y + 18 = 4*x. Let b(v) = v + 8. Let m be b(-8). Suppose m = -p + y + 2. What are the prime factors of p?
2, 3
Suppose 4*u = 15 - 3. Suppose -o - 3*i - 64 = -15, 2*o + u*i + 89 = 0. Let g = o + 59. What are the prime factors of g?
19
Let a = -400 - -693. List the prime factors of a.
293
Let i(g) = g**3 + 10*g**2 - 12*g - 9. Let a be 0 - (11 - 0/(-2)). List the prime factors of i(a).
2
Let w(g) be the second derivative of 3*g**4/4 - g**3/6 - 5*g. What are the prime factors of w(-1)?
2, 5
Let t = 2 - -27. List the prime factors of t.
29
Let x be (-320)/(-18) - 2/(-9). Suppose 3 = -5*i + x. Suppose -2*q + 25 = i. What are the prime factors of q?
11
Suppose 2*z - 4 = 0, -5*m + 82 + 326 = -z. List the prime factors of m.
2, 41
Let x(u) = -u**3 - 10*u**2 - 4*u + 12. What are the prime factors of x(-10)?
2, 13
Let c(a) = a**3 - 13*a**2 + 16*a + 5. List the prime factors of c(12).
53
Let h be 2 - ((-1 - -1) + 6). Let t(k) = -k**3 - 4*k**2 - 2*k - 4. Let f be t(h). Suppose 6 - f = o. What are the prime factors of o?
2
Let d be (175/(-10))/((-1)/6). Suppose -n + 4*n - d = 0. What are the prime factors of n?
5, 7
Suppose 5*u = 57 - 12. Suppose 3*p - x - u = 2*x, -5*x - 5 = -3*p. Suppose 5*j = 2*n + 33 + 26, 0 = -5*j + p*n + 50. List the prime factors of j.
13
Let f(u) = -19*u + u**2 - 4 + 13*u + 10. Suppose -28 = -0*n - 4*n. What are the prime factors of f(n)?
13
List the prime factors of (3 - -11)*(-12)/(-8).
3, 7
Let l be 20/(-6)*54/(-15). Suppose m + 2*m + 5*k + 11 = 0, 0 = 3*k + l. List the prime factors of m.
3
Suppose -4*l - l + 65 = 0. Suppose -t = -4*t - 3. What are the prime factors of (-2)/(-4)*(l - t)?
7
Let w(x) = x - 5. Let a = -1 + 1. Let l = 8 - a. What are the prime factors of w(l)?
3
Let j = -1 + 3. Suppose j*z = p - 22, -2*p - 3*p + 26 = -3*z. Let v = z + 20. What are the prime factors of v?
2
Let u(o) be the first derivative of 3*o**2/2 - 9*o + 3. List the prime factors of u(7).
2, 3
Let p = 7 - -1. Let l = -7 - -4. Let u = p + l. What are the prime factors of u?
5
Let n = 40 - 12. What are the prime factors of n?
2, 7
Suppose 4*l = 6*l - 36. Suppose -u + 0*u = 7. Let j = l + u. What are the prime factors of j?
11
Suppose 2*t + 0*t - 18 = 0. Suppose -41 = -4*d - z, 5*z - t*z - 7 = -3*d. What are the prime factors of d?
3
Let b(c) be the second derivative of -c**5/20 + 7*c**4/12 + 5*c**3/3 - 11*c**2/2 + c. Let a(i) = 8*i**2 - i - 1. Let h be a(-1). List the prime factors of b(h).
5
What are the prime factors of 66/(-4)*(-8)/6?
2, 11
List the prime factors of (104/10)/((-48)/(-1080)).
2, 3, 13
Let q(s) = -s**3 + 3*s**2 - 3. Let r be q(3). Let p = 5 + r. Suppose p*c = -3*z - 2*z + 2, 10 = -z - 3*c. What are the prime factors of z?
2
Let i = -109 + 46. Let h = -45 - i. List the prime factors of h.
2, 3
Let w = 25 - -10. What are the prime factors of w?
5, 7
Let l(j) be the first derivative of j**2 - 15*j + 8. List the prime factors of l(9).
3
Suppose 141 = 3*g - h, 0 = g - 3*g + 3*h + 101. What are the prime factors of g?
2, 23
Suppose 2*n - 57 = n - 4*y, 5*n - 2*y = 175. Let w = n + -20. What are the prime factors of w?
17
Let k(m) = m**3 + 12*m**2 + 9*m - 15. List the prime factors of k(-11).
7
Let t be -1 + 0/(-3) + 61. Let d = t + -12. Suppose -16 = -4*b, d = 5*o + 2*b - 20. List the prime factors of o.
2, 3
Let g(s) = s**2 - 6*s - 2. What are the prime factors of g(-4)?
2, 19
Suppose -2*w + 3*w - 77 = 0. List the prime factors of w.
7, 11
Suppose 0*b = 3*b. Suppose 3 = 5*s + 8. What are the prime factors of (b + s)*(-2 + 0)?
2
Suppose -29 = -2*n + 75. List the prime factors of n.
2, 13
Suppose -8*c + 76 = -4*c. Suppose -5*j + 29 = 2*k, -5*j = -k + c + 33. What are the prime factors of k?
3
Let j(h) be the third derivative of -29*h**6/60 - h**5/30 + h**3/6 - 5*h**2. What are the prime factors of j(-1)?
3, 19
Suppose 15 = -s - 3*j, 11 = 2*s - 2*j + 1. Suppose 2*b + 2*b + 36 = s. Let z = 1 - b. List the prime factors of z.
2, 